{"id":360,"date":"2017-05-11T20:30:10","date_gmt":"2017-05-11T20:30:10","guid":{"rendered":"http:\/\/webproj.com\/gesoper\/?page_id=360"},"modified":"2017-05-11T20:30:10","modified_gmt":"2017-05-11T20:30:10","slug":"apurar-o-custo-de-cada-contrato","status":"publish","type":"page","link":"http:\/\/www.gesoper.com.br\/site\/apurar-o-custo-de-cada-contrato\/","title":{"rendered":"Voc\u00ea consegue apurar o custo de cada contrato?"},"content":{"rendered":"<p>Em sua fun\u00e7\u00e3o de &#8220;controller&#8221; o Gesoper tem uma contribui\u00e7\u00e3o fundamental at\u00e9 agora n\u00e3o conseguida pelas empresas do setor a n\u00e3o ser a muito custo: analisa custo por posto, contrato, cliente, filial, empresa e grupo empresarial, mostrando tamb\u00e9m a rentabilidade. Ora, num primeiro momento isto n\u00e3o parece ser uma tarefa muito complicada, a n\u00e3o ser pelos seguintes detalhes que s\u00e3o caracter\u00edsticos deste neg\u00f3cio:<\/p>\n<ul>\n<li>funcion\u00e1rios de um posto substituem em sua folga funcion\u00e1rios de outros postos;<\/li>\n<li>muitas vezes estas substitui\u00e7\u00f5es geram horas extras que devem ser contabilizadas noutros postos;<\/li>\n<li>custos de supervis\u00e3o devem ser rateados entre os postos supervisionados;<\/li>\n<li>custos de administra\u00e7\u00e3o devem ser rateados entre todos os postos;<\/li>\n<li>custos de patrim\u00f4nios e materiais podem ser diretos ou indiretos.<\/li>\n<\/ul>\n<p>Mas para o Gesoper estas s\u00e3o fun\u00e7\u00f5es triviais, pois ele foi desenvolvido j\u00e1 prevendo estas situa\u00e7\u00f5es:<\/p>\n<ul>\n<li>Obtenha a rentabilidade (com sua forma\u00e7\u00e3o) do grupo empresarial e v\u00e1 detalhando at\u00e9 chegar \u00e0 rentabilidade de um posto espec\u00edfico;<\/li>\n<li>Obtenha o resumo dos custos por contrato podendo selecionar apenas aqueles com resultado negativo;<\/li>\n<li>Obtenha um comparativo do or\u00e7ado x realizado por posto, contrato, cliente, filial, empresa e grupo empresarial podendo analisar m\u00eas a m\u00eas.<\/li>\n<\/ul>\n","protected":false},"excerpt":{"rendered":"<p>Em sua fun\u00e7\u00e3o de &#8220;controller&#8221; o Gesoper tem uma contribui\u00e7\u00e3o fundamental at\u00e9 agora n\u00e3o conseguida pelas empresas do setor a n\u00e3o ser a muito custo: analisa custo por posto, contrato, cliente, filial, empresa e grupo empresarial, mostrando tamb\u00e9m a rentabilidade. Ora, num primeiro momento isto n\u00e3o parece ser uma tarefa muito complicada, a n\u00e3o ser [&hellip;]<\/p>\n","protected":false},"author":1,"featured_media":0,"parent":0,"menu_order":0,"comment_status":"closed","ping_status":"closed","template":"","meta":[],"_links":{"self":[{"href":"http:\/\/www.gesoper.com.br\/site\/wp-json\/wp\/v2\/pages\/360"}],"collection":[{"href":"http:\/\/www.gesoper.com.br\/site\/wp-json\/wp\/v2\/pages"}],"about":[{"href":"http:\/\/www.gesoper.com.br\/site\/wp-json\/wp\/v2\/types\/page"}],"author":[{"embeddable":true,"href":"http:\/\/www.gesoper.com.br\/site\/wp-json\/wp\/v2\/users\/1"}],"replies":[{"embeddable":true,"href":"http:\/\/www.gesoper.com.br\/site\/wp-json\/wp\/v2\/comments?post=360"}],"version-history":[{"count":1,"href":"http:\/\/www.gesoper.com.br\/site\/wp-json\/wp\/v2\/pages\/360\/revisions"}],"predecessor-version":[{"id":361,"href":"http:\/\/www.gesoper.com.br\/site\/wp-json\/wp\/v2\/pages\/360\/revisions\/361"}],"wp:attachment":[{"href":"http:\/\/www.gesoper.com.br\/site\/wp-json\/wp\/v2\/media?parent=360"}],"curies":[{"name":"wp","href":"https:\/\/api.w.org\/{rel}","templated":true}]}}