{"id":210,"date":"2017-04-27T22:47:38","date_gmt":"2017-04-27T22:47:38","guid":{"rendered":"http:\/\/webproj.com\/gesoper\/?page_id=210"},"modified":"2022-07-06T13:50:09","modified_gmt":"2022-07-06T13:50:09","slug":"gesoper-4you","status":"publish","type":"page","link":"http:\/\/www.gesoper.com.br\/site\/gesoper-4you\/","title":{"rendered":"GesOper 4You"},"content":{"rendered":"<p>O GesOper 4You \u00e9 um portal WEB que permite uma integra\u00e7\u00e3o perfeita entre sua empresa e seus colaboradores. Trata-se de uma plataforma onde o colaborador poder\u00e1 acessar tudo a respeito de seu relacionamento com a empresa, como por exemplo, consultar e atualizar seu cadastro, consultar seu hist\u00f3rico, suas escalas, seu holerite, benef\u00edcios creditados e muito mais. Por outro lado, tamb\u00e9m a empresa poder\u00e1 disparar avisos, comunicados, anexar documentos, etc.<\/p>\n<p>Al\u00e9m de demonstrar interesse e aten\u00e7\u00e3o para com o colaborador, a empresa ter\u00e1 uma redu\u00e7\u00e3o da demanda e do fluxo de pessoas no seu RH, j\u00e1 que muitos problemas s\u00e3o resolvidos diretamente atrav\u00e9s da plataforma do GesOper 4You.<\/p>\n<p style=\"text-align: left;\">Leia mais clicando aqui:<\/p>\n<p><a href=\"http:\/\/gesoper.no-ip.info\/www\/folderssite\/Folder_GesOper_4YOU_leia_mais.pdf\">http:\/\/gesoper.no-ip.info\/www\/folderssite\/Folder_GesOper_4YOU_leia_mais.pdf<\/a><\/p>\n<p><a href=\"http:\/\/www.gesoper.com.br\/site\/wp-content\/uploads\/2022\/07\/Imagem-I-da-pagina-2.png\"><img loading=\"lazy\" class=\"alignnone wp-image-2318 size-medium\" src=\"http:\/\/www.gesoper.com.br\/site\/wp-content\/uploads\/2022\/07\/Imagem-I-da-pagina-2-300x225.png\" alt=\"\" width=\"300\" height=\"225\" srcset=\"http:\/\/www.gesoper.com.br\/site\/wp-content\/uploads\/2022\/07\/Imagem-I-da-pagina-2-300x225.png 300w, http:\/\/www.gesoper.com.br\/site\/wp-content\/uploads\/2022\/07\/Imagem-I-da-pagina-2-1024x768.png 1024w, http:\/\/www.gesoper.com.br\/site\/wp-content\/uploads\/2022\/07\/Imagem-I-da-pagina-2-768x576.png 768w, http:\/\/www.gesoper.com.br\/site\/wp-content\/uploads\/2022\/07\/Imagem-I-da-pagina-2-1536x1152.png 1536w, http:\/\/www.gesoper.com.br\/site\/wp-content\/uploads\/2022\/07\/Imagem-I-da-pagina-2-2048x1536.png 2048w\" sizes=\"(max-width: 300px) 100vw, 300px\" \/><\/a><\/p>\n<p>Toda a comunica\u00e7\u00e3o com os colaboradores \u00e9 agilizada al\u00e9m de ficar mais clara, visto que a empresa pode postar atrav\u00e9s do GesOper 4You avisos de pagamentos, cr\u00e9ditos de benef\u00edcios, convoca\u00e7\u00f5es para cursos, exames, etc.<\/p>\n<p>Todo o sistema \u00e9 configur\u00e1vel: voc\u00ea determina quem acessa e o qu\u00ea acessa. Todas as atualiza\u00e7\u00f5es efetuadas pelos colaboradores s\u00e3o rastreadas.<\/p>\n","protected":false},"excerpt":{"rendered":"<p>O GesOper 4You \u00e9 um portal WEB que permite uma integra\u00e7\u00e3o perfeita entre sua empresa e seus colaboradores. Trata-se de uma plataforma onde o colaborador poder\u00e1 acessar tudo a respeito de seu relacionamento com a empresa, como por exemplo, consultar e atualizar seu cadastro, consultar seu hist\u00f3rico, suas escalas, seu holerite, benef\u00edcios creditados e muito [&hellip;]<\/p>\n","protected":false},"author":1,"featured_media":0,"parent":0,"menu_order":0,"comment_status":"closed","ping_status":"closed","template":"","meta":[],"_links":{"self":[{"href":"http:\/\/www.gesoper.com.br\/site\/wp-json\/wp\/v2\/pages\/210"}],"collection":[{"href":"http:\/\/www.gesoper.com.br\/site\/wp-json\/wp\/v2\/pages"}],"about":[{"href":"http:\/\/www.gesoper.com.br\/site\/wp-json\/wp\/v2\/types\/page"}],"author":[{"embeddable":true,"href":"http:\/\/www.gesoper.com.br\/site\/wp-json\/wp\/v2\/users\/1"}],"replies":[{"embeddable":true,"href":"http:\/\/www.gesoper.com.br\/site\/wp-json\/wp\/v2\/comments?post=210"}],"version-history":[{"count":6,"href":"http:\/\/www.gesoper.com.br\/site\/wp-json\/wp\/v2\/pages\/210\/revisions"}],"predecessor-version":[{"id":2319,"href":"http:\/\/www.gesoper.com.br\/site\/wp-json\/wp\/v2\/pages\/210\/revisions\/2319"}],"wp:attachment":[{"href":"http:\/\/www.gesoper.com.br\/site\/wp-json\/wp\/v2\/media?parent=210"}],"curies":[{"name":"wp","href":"https:\/\/api.w.org\/{rel}","templated":true}]}}